 remainder when 3859 is divided by 1882?
95
Calculate the remainder when 3789 is divided by 1201.
186
Calculate the remainder when 23212 is divided by 1049.
134
What is the remainder when 19697 is divided by 145?
122
What is the remainder when 15889 is divided by 59?
18
What is the remainder when 45565 is divided by 254?
99
What is the remainder when 35295 is divided by 106?
103
Calculate the remainder when 32881 is divided by 113.
111
What is the remainder when 11213 is divided by 1399?
21
What is the remainder when 2470181 is divided by 5?
1
What is the remainder when 316035 is divided by 55?
5
What is the remainder when 223 is divided by 220?
3
What is the remainder when 743 is divided by 155?
123
What is the remainder when 2015 is divided by 337?
330
Calculate the remainder when 45154 is divided by 961.
948
What is the remainder when 5858 is divided by 1441?
94
What is the remainder when 18091 is divided by 6016?
43
Calculate the remainder when 2426 is divided by 126.
32
What is the remainder when 2246781 is divided by 32?
29
What is the remainder when 353937 is divided by 201?
177
What is the remainder when 36492 is divided by 2426?
102
Calculate the remainder when 1036532 is divided by 24.
20
What is the remainder when 2463 is divided by 155?
138
What is the remainder when 25749 is divided by 480?
309
What is the remainder when 121942 is divided by 121930?
12
Calculate the remainder when 5383 is divided by 13.
1
Calculate the remainder when 1093 is divided by 507.
79
Calculate the remainder when 9461 is divided by 9460.
1
What is the remainder when 655688 is divided by 190?
188
Calculate the remainder when 17171 is divided by 5683.
122
Calculate the remainder when 162585 is divided by 10.
5
What is the remainder when 12388 is divided by 70?
68
What is the remainder when 5607216 is divided by 539?
538
What is the remainder when 17334 is divided by 5648?
390
What is the remainder when 3166 is divided by 15?
1
What is the remainder when 3423 is divided by 231?
189
What is the remainder when 1404720 is divided by 702357?
6
Calculate the remainder when 6080 is divided by 152.
0
What is the remainder when 10338 is divided by 803?
702
What is the remainder when 37180 is divided by 103?
100
Calculate the remainder when 10403 is divided by 51.
50
Calculate the remainder when 368219 is divided by 68.
67
Calculate the remainder when 1345135 is divided by 6.
1
What is the remainder when 193497 is divided by 45?
42
Calculate the remainder when 3349005 is divided by 48.
45
Calculate the remainder when 2565 is divided by 512.
5
Calculate the remainder when 4291 is divided by 858.
1
What is the remainder when 68237 is divided by 80?
77
Calculate the remainder when 1732 is divided by 123.
10
Calculate the remainder when 5477405 is divided by 32.
29
What is the remainder when 104346 is divided by 41?
1
What is the remainder when 640270 is divided by 213?
205
Calculate the remainder when 17336 is divided by 149.
52
What is the remainder when 10145 is divided by 2534?
9
What is the remainder when 35367 is divided by 722?
711
What is the remainder when 20238 is divided by 451?
394
Calculate the remainder when 46277 is divided by 15370.
167
What is the remainder when 5247 is divided by 1647?
306
What is the remainder when 122471 is divided by 72?
71
Calculate the remainder when 3500 is divided by 433.
36
What is the remainder when 537 is divided by 6?
3
Calculate the remainder when 9316 is divided by 64.
36
What is the remainder when 6457 is divided by 591?
547
Calculate the remainder when 3358958 is divided by 8.
6
Calculate the remainder when 23233 is divided by 1296.
1201
Calculate the remainder when 199189 is divided by 199178.
11
Calculate the remainder when 238198 is divided by 69.
10
Calculate the remainder when 4624 is divided by 1276.
796
What is the remainder when 68642 is divided by 22845?
107
What is the remainder when 104762 is divided by 75?
62
Calculate the remainder when 2349 is divided by 517.
281
What is the remainder when 118652 is divided by 19?
16
Calculate the remainder when 495718 is divided by 18.
16
What is the remainder when 128460 is divided by 756?
696
Calculate the remainder when 392687 is divided by 825.
812
What is the remainder when 2996 is divided by 304?
260
Calculate the remainder when 17817 is divided by 151.
150
Calculate the remainder when 360949 is divided by 120308.
25
Calculate the remainder when 688274 is divided by 175.
174
Calculate the remainder when 4953 is divided by 4952.
1
What is the remainder when 12248 is divided by 532?
12
What is the remainder when 23664 is divided by 7831?
171
Calculate the remainder when 2412 is divided by 19.
18
What is the remainder when 1607 is divided by 519?
50
What is the remainder when 14937 is divided by 2133?
6
What is the remainder when 2829248 is divided by 250?
248
Calculate the remainder when 29176 is divided by 135.
16
What is the remainder when 9255 is divided by 4?
3
What is the remainder when 33707 is divided by 11228?
23
What is the remainder when 36758 is divided by 292?
258
What is the remainder when 5216 is divided by 2565?
86
What is the remainder when 99641 is divided by 5860?
21
Calculate the remainder when 1555566 is divided by 19.
17
Calculate the remainder when 39552 is divided by 207.
15
What is the remainder when 393462 is divided by 85?
82
Calculate the remainder when 13291 is divided by 160.
11
Calculate the remainder when 12514 is divided by 3971.
601
What is the remainder when 1932741 is divided by 31?
15
What is the remainder when 1118 is divided by 69?
14
What is the remainder when 978335 is divided by 36?
35
What is the remainder when 2476315 is divided by 480?
475
Calculate the remainder when 40251 is divided by 272.
267
Calculate the remainder when 2770 is divided by 655.
150
Calculate the remainder when 1309 is divided by 451.
407
What is the remainder when 5478 is divided by 96?
6
Calculate the remainder when 62975 is divided by 31480.
15
Calculate the remainder when 460963 is divided by 22.
19
Calculate the remainder when 53372 is divided by 26586.
200
Calculate the remainder when 2091 is divided by 581.
348
Calculate the remainder when 23165 is divided by 11561.
43
Calculate the remainder when 155798 is divided by 200.
198
What is the remainder when 117484 is divided by 7?
3
Calculate the remainder when 16694 is divided by 251.
128
Calculate the remainder when 183715 is divided by 10.
5
Calculate the remainder when 165733 is divided by 479.
478
Calculate the remainder when 1472 is divided by 383.
323
What is the remainder when 3039 is divided by 234?
231
Calculate the remainder when 3400 is divided by 1691.
18
What is the remainder when 49471 is divided by 125?
96
Calculate the remainder when 300387 is divided by 11.
10
Calculate the remainder when 39608 is divided by 170.
168
What is the remainder when 52877 is divided by 52871?
6
Calculate the remainder when 2438 is divided by 576.
134
Calculate the remainder when 125731 is divided by 898.
11
What is the remainder when 32040 is divided by 1770?
180
What is the remainder when 212023 is divided by 419?
9
Calculate the remainder when 26789 is divided by 702.
113
What is the remainder when 2365 is divided by 37?
34
What is the remainder when 28629 is divided by 29?
6
Calculate the remainder when 38459 is divided by 296.
275
Calculate the remainder when 238800 is divided by 238798.
2
Calculate the remainder when 9536 is divided by 1056.
32
Calculate the remainder when 7882774 is divided by 74.
72
Calculate the remainder when 12240 is divided by 155.
150
Calculate the remainder when 18226 is divided by 289.
19
What is the remainder when 9312 is divided by 1964?
1456
What is the remainder when 10588 is divided by 122?
96
What is the remainder when 96061 is divided by 33?
31
Calculate the remainder when 4254 is divided by 267.
249
Calculate the remainder when 967 is divided by 58.
39
Calculate the remainder when 66406 is divided by 141.
136
What is the remainder when 13029 is divided by 165?
159
What is the remainder when 13911 is divided by 7?
2
Calculate the remainder when 2543 is divided by 1253.
37
What is the remainder when 24682 is divided by 195?
112
What is the remainder when 9573 is divid